 be a(6). Suppose -5*v - 12 + 72 = -5*i, -4*i = 4*v - 64. What is the remainder when 3/j*38/(-3) is divided by v?
10
Let v = -3608 - -3811. Let i = 148 - 121. What is the remainder when v is divided by i?
14
Let l be 5*(4/(-8))/((-3)/6). Suppose -3*x = 5*g - 136, -2 = -x - l. What is the remainder when 114 is divided by g?
27
Suppose 3*i + i + 3*l - 97 = 0, 3*i = -4*l + 71. Suppose -132 = -2*t - 72. Calculate the remainder when (1088/(-6))/(-4) + t/45 is divided by i.
21
Let l be 0/(-1) + 77 - 0. Suppose 0 = -5*m - 5*a + 58 + 7, l = 4*m - a. Let k = 7 - -22. What is the remainder when k is divided by m?
11
Let n be ((-3)/3)/(2/(-6)). Suppose -6*r + 4*v = -9*r + 196, n*v + 48 = r. Calculate the remainder when r is divided by 9.
6
Suppose 0 = 3*k - h - 52, -2*h - 3 + 1 = 0. Let m = 74 + -70. Calculate the remainder when k is divided by m.
1
Let x(o) = -4*o. Let b be x(-1). Suppose -b*g + 390 = g. Let z(t) = 5*t**2 - 40*t - 155. What is the remainder when g is divided by z(11)?
8
Suppose 0 = 165*g - 11*g - 120274. What is the remainder when g is divided by 34?
33
Let b be 276/14 + (-6)/(-21). Suppose 3*g + b + 22 = 0. Calculate the remainder when 3/((-63)/(-426)) - (-4)/g is divided by 11.
9
Calculate the remainder when 304 is divided by 2688/14*1/3.
48
Let o be ((-7 - -4)/3)/(-1). Calculate the remainder when 69 is divided by -1 + o + 5 + -1.
1
Let g(f) = -14*f + 60. Let d be g(6). Let p = 24 + d. Suppose -8*j + 278 - 38 = p. What is the remainder when 57 is divided by j?
27
Let m = 9696 + -9642. Calculate the remainder when 2320 is divided by m.
52
Let y(s) = s**2 - s + 22. Suppose 16428 + 471 = 131*c. What is the remainder when c is divided by y(0)?
19
Suppose -2*n + 78 = 5*g, -5*n + 0*g + 257 = -3*g. Suppose v = 5*h - 57 - 42, 5*h = 2*v + 198. Let t = v + 125. Calculate the remainder when n is divided by t.
23
Suppose c = 42 - 1. Let r = -957 + 990. Let j = c - r. What is the remainder when 22 is divided by j?
6
Let b(z) be the first derivative of -39*z**2/2 - 68*z - 100. What is the remainder when b(-5) is divided by 70?
57
Suppose -5*z - 5*w = -6585, 13*z + 2*w = 15*z - 2666. What is the remainder when z is divided by 167?
156
Let v(l) = -l**2 + 104*l - 1816. What is the remainder when 417 is divided by v(23)?
41
Calculate the remainder when -7 - (-130262)/231 - (-2)/21 is divided by 152.
101
Let g(x) = -x**2 - 12*x - 10. Let l(r) = r**3 - 6*r**2 - 2*r + 35. Calculate the remainder when l(7) is divided by g(-5).
20
Suppose -1877*u + 10 = -1875*u. Suppose -35 = -5*k - u. Let p = 31 - 9. Calculate the remainder when p is divided by k.
4
Let a(u) = 406*u**2 + 10*u - 1. Calculate the remainder when a(-3) is divided by 14.
11
Let m(o) = -8*o - 48. Let b be m(-8). Let g = 35 - b. Let d = 56 - -17. What is the remainder when d is divided by g?
16
Suppose -g + 5*m = -118, 3*m - 216 - 164 = -4*g. What is the remainder when g is divided by (-505)/(-10) - (-2)/4?
47
Suppose 17*u = 16*u - 555. Let l = 799 + u. What is the remainder when l is divided by 35?
34
Let p(t) = t**3 - 46*t**2 - 7*t + 40. Let x(s) = s + 1. Let v(g) = -p(g) - 5*x(g). Calculate the remainder when 97 is divided by v(46).
3
Calculate the remainder when 198/880*6728 - (-2)/10 is divided by 107.
16
Let n(v) = -42*v - 1605. What is the remainder when n(-39) is divided by 25?
8
Let h = 6452 + -6356. Calculate the remainder when 436 is divided by h.
52
Suppose -18*s = -99 + 63. What is the remainder when 378 is divided by s?
0
Let s be ((-54)/(-24))/((-6)/(-2304)). Suppose 0 = -15*c + s + 126. Calculate the remainder when 263 is divided by c.
65
Suppose -537 = -88*m + 82*m + 435. Calculate the remainder when m is divided by 125.
37
Let q(j) = j**3 - 13*j**2 - 248*j + 35. Calculate the remainder when q(-10) is divided by 46.
31
Let s = -31 - -38. Let y(l) = l**2 + l - 13. Calculate the remainder when s is divided by y(-5).
0
Let h be 97/((-6 + -2)/2 + 3). Let r = h - -102. Suppose 0 = -2*g - 5*i + 50, -5*i - 87 = -r*g - 8*i. What is the remainder when 53 is divided by g?
8
Suppose 5*z - 259 + 24 = 0. Suppose -3*o = -17*o - 252. Let c = o + z. Calculate the remainder when c is divided by 8.
5
Let p = 1798 + -1200. Let d = 718 - p. Let w(b) = -2*b**3 - 4*b**2 - 4*b + 1. What is the remainder when d is divided by w(-3)?
27
Suppose -4*q + 174 = 6*c, 88*q - 89*q = 5*c - 54. What is the remainder when 690 is divided by q?
27
Let f(c) = -20*c**3 + 13*c + 2. Let a be f(-3). Let u = a + -448. What is the remainder when u is divided by 14?
13
Let r = 258 - 306. Let j = r - -78. What is the remainder when 59 is divided by j?
29
Let k = -34 + 51. What is the remainder when 21120/340 - 2/k is divided by 27?
8
Let s be (-2 - -27)*(2 + -7). Let u be 2/(-10 + 4512/452). Let j = u - s. Calculate the remainder when j is divided by 2.
0
Suppose k + 3 = 0, 0 = -2*i + 16*k - 15*k + 13. What is the remainder when 173 is divided by i/10*(59 - 2 - -1)?
28
Let q = 24998 - 24953. Suppose -4*t + 186 = -x, 3*t + 0*x - 143 = -x. Calculate the remainder when t is divided by q.
2
Suppose 3*r - 1212 = -r. What is the remainder when r is divided by (-7 - 0) + (6 - 3) + 65?
59
Suppose 1703 = 3*j + 4*o, 11*j - o = 14*j - 1715. What is the remainder when j is divided by 20?
13
Let k(o) = o**3 + 4*o**2 - 6*o + 3. Let z = -2412 - -2467. Calculate the remainder when k(6) is divided by z.
52
What is the remainder when (938/35)/(96/33840) is divided by 135?
132
Suppose -22*l + 720 = -16*l. Calculate the remainder when 70 is divided by (1 - 34)*(-40)/l.
4
Let i be -9 + (3 - (3 + -6)). Calculate the remainder when 28 is divided by 16/12*i/(-2).
0
What is the remainder when 191 is divided by 0 + 8 - (-27 + 10)?
16
Let x = 8360 - 8211. What is the remainder when x is divided by 15?
14
Suppose -5*j - 1 = -346. Calculate the remainder when (-520596)/(-504) - (-3)/18*(-6)/(-14) is divided by j.
67
Calculate the remainder when 218 is divided by ((-740)/(-444))/((-10)/(-222)).
33
Let r = 42612 - 42351. What is the remainder when 5739 is divided by r?
258
Suppose 2*p = -7*p + 459. What is the remainder when p is divided by 3/(-2) - (0 - 86/4)?
11
Suppose -d + b + 3444 = 0, 0 = 2*b - 87 + 89. What is the remainder when d is divided by 572?
11
Suppose -105*h + 20*h - 13*h + 5586 = 0. What is the remainder when 785 is divided by h?
44
Let v be ((-111)/6)/(1/(-194)). Suppose -a = 5*r - v, 5*r - 2*a - 3588 = -4*a. Calculate the remainder when r is divided by 5.
3
Suppose -i = 3*y - 2663, 2*y - 2*i - 281 = 1481. Suppose -2*f - f = -5*a + y, 4*a - f = 713. Calculate the remainder when a is divided by 20.
19
Let b = 42 - -23. Let h(t) = t**3 - 38*t**2 + 32*t + 378. Calculate the remainder when h(37) is divided by b.
63
Let f(k) = -6*k**2 + 17*k - 17. Let p be f(7). Let n = -176 - p. What is the remainder when 47 is divided by n?
15
Let f = -2695 + 21893. What is the remainder when f is divided by 75?
73
Let r(w) be the second derivative of w**4/12 - 7*w**3/2 + 44*w**2 + 136*w. What is the remainder when 62 is divided by r(16)?
6
Suppose -m = -3*c + 198, -4*m = 2*c - 127 + 9. Let j(d) = -3*d**2 + 14*d + 333. What is the remainder when c is divided by j(-8)?
7
Suppose 7*p + r = 2*p + 2656, 4*p - 3*r - 2121 = 0. Let d = -518 + p. What is the remainder when 35 is divided by d?
9
Let j = -6 + 608. Let b = j + -374. Calculate the remainder when b is divided by 46.
44
Let q(x) = x**3 - 51*x**2 - 538*x + 418. Calculate the remainder when q(60) is divided by 21.
13
Let k(y) = -40*y - 87. Suppose 6*t = 2*t + 44. What is the remainder when k(-3) is divided by t?
0
Suppose -130 = 13*y - 14*y. Calculate the remainder when y is divided by 65.
0
Suppose b - 482 = -3*g, -63*b + 149 = g - 61*b. What is the remainder when g is divided by 162?
1
Let c = 80 - 77. What is the remainder when 131 is divided by c + (-6 + 4)*-8?
17
Suppose 231 = v + 2*o, 2*o = 2*v - 7*v + 1147. Let t = v + -215. Calculate the remainder when 223 is divided by t.
13
What is the remainder when (-15048)/(1089/(-33)) + (1 - -1*1) is divided by 192?
74
Let t be 2/4*2*(73 + -71). Suppose t*m = -0*r + 3*r - 299, -3*r = -m - 295. What is the remainder when r is divided by 11?
9
Let u(v) = 2*v. Let t be u(0). Let o(k) = t*k + 408 - 370 + 4*k + 5*k + k**2. What is the remainder when o(-8) is 